{"id":42,"date":"2014-11-17T14:32:03","date_gmt":"2014-11-17T14:32:03","guid":{"rendered":"http:\/\/dicasdevalor.com.br\/valor\/?page_id=42"},"modified":"2014-11-17T14:32:03","modified_gmt":"2014-11-17T14:32:03","slug":"sucessao","status":"publish","type":"page","link":"https:\/\/valorvest.com.br\/index.php\/sucessao\/","title":{"rendered":"Sucess\u00e3o"},"content":{"rendered":"<body><p>O processo de sucess\u00e3o em empresas pode estar rodeado por conflitos e desgastes dentro da atual gest\u00e3o e na fam\u00edlia. Preparar a sucess\u00e3o familiar se torna cada vez mais necess\u00e1rio e deve ser tema de planejamento e de debate entre a fam\u00edlia e a empresa.<\/p>\n<p>Trabalhar na prepara\u00e7\u00e3o da sucess\u00e3o para tornar o processo mais suave requer discuss\u00f5es sobre o tema com os gestores da empresa e as fam\u00edlias.<\/p>\n<p>Este processo \u00e9 mais delicado quando a organiza\u00e7\u00e3o \u00e9 uma empresa familiar, que muitas vezes n\u00e3o t\u00eam em sua empresa o pessoal para lidar com estas quest\u00f5es e orientar o trabalho como um dos fundadores na prepara\u00e7\u00e3o e orienta\u00e7\u00e3o de seus herdeiros.<\/p>\n<p>A experi\u00eancia evidencia que a sucess\u00e3o \u00e9 um dos maiores problemas que surgem nas empresas familiares, independentemente de seus tamanhos ou setores em que est\u00e3o inseridas, e que a maior parte das empresas n\u00e3o sobrevive a este momento.<\/p>\n<p>A VALORVEST tem a metodologia e experi\u00eancia para em conjunto com profissionais multidisciplinares nas \u00e1reas de gest\u00e3o, finan\u00e7as, coaching governan\u00e7a, cultura organizacional e psicologia familiar atuar conjuntamente com a fam\u00edlia e empresa para definir e implementar as melhores estrat\u00e9gias e pol\u00edticas de um processo de sucess\u00e3o em empresas familiares.<\/p>\n<\/body>","protected":false},"excerpt":{"rendered":"<p>O processo de sucess\u00e3o em empresas pode estar rodeado por conflitos e desgastes dentro da atual gest\u00e3o e na fam\u00edlia. Preparar a sucess\u00e3o familiar se [&hellip;]<\/p>\n","protected":false},"author":1,"featured_media":0,"parent":0,"menu_order":0,"comment_status":"closed","ping_status":"closed","template":"","meta":{"footnotes":""},"class_list":["post-42","page","type-page","status-publish","hentry"],"yoast_head":"<!-- This site is optimized with the Yoast SEO plugin v19.8 - https:\/\/yoast.com\/wordpress\/plugins\/seo\/ -->\n<title>Sucess\u00e3o - Valorvest<\/title>\n<meta name=\"robots\" content=\"index, follow, max-snippet:-1, max-image-preview:large, max-video-preview:-1\" \/>\n<link rel=\"canonical\" href=\"https:\/\/valorvest.com.br\/index.php\/sucessao\/\" \/>\n<meta property=\"og:locale\" content=\"en_US\" \/>\n<meta property=\"og:type\" content=\"article\" \/>\n<meta property=\"og:title\" content=\"Sucess\u00e3o - Valorvest\" \/>\n<meta property=\"og:description\" content=\"O processo de sucess\u00e3o em empresas pode estar rodeado por conflitos e desgastes dentro da atual gest\u00e3o e na fam\u00edlia. Preparar a sucess\u00e3o familiar se [&hellip;]\" \/>\n<meta property=\"og:url\" content=\"https:\/\/valorvest.com.br\/index.php\/sucessao\/\" \/>\n<meta property=\"og:site_name\" content=\"Valorvest\" \/>\n<meta name=\"twitter:card\" content=\"summary_large_image\" \/>\n<meta name=\"twitter:label1\" content=\"Est. reading time\" \/>\n\t<meta name=\"twitter:data1\" content=\"1 minute\" \/>\n<script type=\"application\/ld+json\" class=\"yoast-schema-graph\">{\"@context\":\"https:\/\/schema.org\",\"@graph\":[{\"@type\":\"WebPage\",\"@id\":\"https:\/\/valorvest.com.br\/index.php\/sucessao\/\",\"url\":\"https:\/\/valorvest.com.br\/index.php\/sucessao\/\",\"name\":\"Sucess\u00e3o - Valorvest\",\"isPartOf\":{\"@id\":\"https:\/\/valorvest.com.br\/#website\"},\"datePublished\":\"2014-11-17T14:32:03+00:00\",\"dateModified\":\"2014-11-17T14:32:03+00:00\",\"breadcrumb\":{\"@id\":\"https:\/\/valorvest.com.br\/index.php\/sucessao\/#breadcrumb\"},\"inLanguage\":\"en-US\",\"potentialAction\":[{\"@type\":\"ReadAction\",\"target\":[\"https:\/\/valorvest.com.br\/index.php\/sucessao\/\"]}]},{\"@type\":\"BreadcrumbList\",\"@id\":\"https:\/\/valorvest.com.br\/index.php\/sucessao\/#breadcrumb\",\"itemListElement\":[{\"@type\":\"ListItem\",\"position\":1,\"name\":\"Home\",\"item\":\"https:\/\/valorvest.com.br\/\"},{\"@type\":\"ListItem\",\"position\":2,\"name\":\"Sucess\u00e3o\"}]},{\"@type\":\"WebSite\",\"@id\":\"https:\/\/valorvest.com.br\/#website\",\"url\":\"https:\/\/valorvest.com.br\/\",\"name\":\"Valorvest\",\"description\":\"Brasil e Portugal\",\"potentialAction\":[{\"@type\":\"SearchAction\",\"target\":{\"@type\":\"EntryPoint\",\"urlTemplate\":\"https:\/\/valorvest.com.br\/?s={search_term_string}\"},\"query-input\":\"required name=search_term_string\"}],\"inLanguage\":\"en-US\"}]}<\/script>\n<!-- \/ Yoast SEO plugin. -->","yoast_head_json":{"title":"Sucess\u00e3o - Valorvest","robots":{"index":"index","follow":"follow","max-snippet":"max-snippet:-1","max-image-preview":"max-image-preview:large","max-video-preview":"max-video-preview:-1"},"canonical":"https:\/\/valorvest.com.br\/index.php\/sucessao\/","og_locale":"en_US","og_type":"article","og_title":"Sucess\u00e3o - Valorvest","og_description":"O processo de sucess\u00e3o em empresas pode estar rodeado por conflitos e desgastes dentro da atual gest\u00e3o e na fam\u00edlia. Preparar a sucess\u00e3o familiar se [&hellip;]","og_url":"https:\/\/valorvest.com.br\/index.php\/sucessao\/","og_site_name":"Valorvest","twitter_card":"summary_large_image","twitter_misc":{"Est. reading time":"1 minute"},"schema":{"@context":"https:\/\/schema.org","@graph":[{"@type":"WebPage","@id":"https:\/\/valorvest.com.br\/index.php\/sucessao\/","url":"https:\/\/valorvest.com.br\/index.php\/sucessao\/","name":"Sucess\u00e3o - Valorvest","isPartOf":{"@id":"https:\/\/valorvest.com.br\/#website"},"datePublished":"2014-11-17T14:32:03+00:00","dateModified":"2014-11-17T14:32:03+00:00","breadcrumb":{"@id":"https:\/\/valorvest.com.br\/index.php\/sucessao\/#breadcrumb"},"inLanguage":"en-US","potentialAction":[{"@type":"ReadAction","target":["https:\/\/valorvest.com.br\/index.php\/sucessao\/"]}]},{"@type":"BreadcrumbList","@id":"https:\/\/valorvest.com.br\/index.php\/sucessao\/#breadcrumb","itemListElement":[{"@type":"ListItem","position":1,"name":"Home","item":"https:\/\/valorvest.com.br\/"},{"@type":"ListItem","position":2,"name":"Sucess\u00e3o"}]},{"@type":"WebSite","@id":"https:\/\/valorvest.com.br\/#website","url":"https:\/\/valorvest.com.br\/","name":"Valorvest","description":"Brasil e Portugal","potentialAction":[{"@type":"SearchAction","target":{"@type":"EntryPoint","urlTemplate":"https:\/\/valorvest.com.br\/?s={search_term_string}"},"query-input":"required name=search_term_string"}],"inLanguage":"en-US"}]}},"_links":{"self":[{"href":"https:\/\/valorvest.com.br\/index.php\/wp-json\/wp\/v2\/pages\/42","targetHints":{"allow":["GET"]}}],"collection":[{"href":"https:\/\/valorvest.com.br\/index.php\/wp-json\/wp\/v2\/pages"}],"about":[{"href":"https:\/\/valorvest.com.br\/index.php\/wp-json\/wp\/v2\/types\/page"}],"author":[{"embeddable":true,"href":"https:\/\/valorvest.com.br\/index.php\/wp-json\/wp\/v2\/users\/1"}],"replies":[{"embeddable":true,"href":"https:\/\/valorvest.com.br\/index.php\/wp-json\/wp\/v2\/comments?post=42"}],"version-history":[{"count":0,"href":"https:\/\/valorvest.com.br\/index.php\/wp-json\/wp\/v2\/pages\/42\/revisions"}],"wp:attachment":[{"href":"https:\/\/valorvest.com.br\/index.php\/wp-json\/wp\/v2\/media?parent=42"}],"curies":[{"name":"wp","href":"https:\/\/api.w.org\/{rel}","templated":true}]}}