{"id":97,"date":"2014-11-17T17:33:17","date_gmt":"2014-11-17T17:33:17","guid":{"rendered":"http:\/\/dicasdevalor.com.br\/valor\/?page_id=97"},"modified":"2014-11-17T17:33:17","modified_gmt":"2014-11-17T17:33:17","slug":"nossa-historia","status":"publish","type":"page","link":"https:\/\/valorvest.com.br\/index.php\/nossa-historia\/","title":{"rendered":"Nossa Hist\u00f3ria"},"content":{"rendered":"<body><p>Para formar a <strong>Valorvest<\/strong> de hoje, foram necess\u00e1rias a forte influ\u00eancia de lideran\u00e7a, um grande professor e as incont\u00e1veis contribui\u00e7\u00f5es de pessoas que nos remetem ao ano de 1979 e \u00e0 hist\u00f3ria de nosso mentor Jos\u00e9 Francisco de <strong>Oliveira<\/strong>, e seus s\u00f3cios <strong>Leonel<\/strong> Gon\u00e7alves Caramelo, <strong>Julio<\/strong> Broitman (em mem\u00f3ria) e <strong>Mark<\/strong> Lecoufl\u00e9 (em mem\u00f3ria) na Valorvest D.T.V.M Ltda..<\/p>\n<p>Tudo come\u00e7a na Socopa CCTVM, quando ainda pertencia a um grupo internacional que se retirava das atividades financeiras em raz\u00e3o de uma mudan\u00e7a de legisla\u00e7\u00e3o brasileira.<\/p>\n<p>Foi quando Oliveira, Leonel, Julio e Mark resolveram sair e fundar a <strong>Valorvest D.T.V.M.<\/strong>, distribuidora de valores que chegou a ranquear entre as sete maiores carteiras de renda fixa do pa\u00eds.<\/p>\n<p>Todos eles eram inovadores, arrojados e tinham uma vontade muito grande vencer e valorizavam a import\u00e2ncia da qualidade, \u00e9tica seriedade em seus trabalhos.<\/p>\n<p>Foi onde nosso fundador, Marco C\u00e9sar, teve in\u00edcio em suas atividades profissionais, junto ao que foi e \u00e9 seu grande inspirador, o <strong>Oliveira,<\/strong> que neste processo de mudan\u00e7a que a empresa passa em mar\u00e7o de 2011 e se preparando para os primeiros 10 anos da empresa, resolveu mudar o nome empresarial e prestar esta homenagem a ele e seus s\u00f3cios<\/p>\n<p>Nascemos em 2002 como <strong>CORPORATE Management Consulting<\/strong> em mar\u00e7o de 2011\u00a0passamos a ser <strong>VALORVEST Gest\u00e3o Empresarial<\/strong>, que a hist\u00f3ria de sucesso do <strong>Oliveira<\/strong>, do Leonel, Julio e Mark, possa ser escrita tamb\u00e9m nesta nova etapa da nova <strong>Valorvest<\/strong>.<\/p>\n<p>Oliveira, obrigado pela inspira\u00e7\u00e3o, dedica\u00e7\u00e3o, persist\u00eancia e apoio em todo o desenvolvimento deste profissional que sou e da empresa que se forma a cada dia.<\/p>\n<p>Marco C\u00e9sar de Oliveira<\/p>\n<\/body>","protected":false},"excerpt":{"rendered":"<p>Para formar a Valorvest de hoje, foram necess\u00e1rias a forte influ\u00eancia de lideran\u00e7a, um grande professor e as incont\u00e1veis contribui\u00e7\u00f5es de pessoas que nos remetem [&hellip;]<\/p>\n","protected":false},"author":1,"featured_media":0,"parent":0,"menu_order":0,"comment_status":"closed","ping_status":"closed","template":"","meta":{"footnotes":""},"class_list":["post-97","page","type-page","status-publish","hentry"],"yoast_head":"<!-- This site is optimized with the Yoast SEO plugin v19.8 - https:\/\/yoast.com\/wordpress\/plugins\/seo\/ -->\n<title>Nossa Hist\u00f3ria - Valorvest<\/title>\n<meta name=\"robots\" content=\"index, follow, max-snippet:-1, max-image-preview:large, max-video-preview:-1\" \/>\n<link rel=\"canonical\" href=\"https:\/\/valorvest.com.br\/index.php\/nossa-historia\/\" \/>\n<meta property=\"og:locale\" content=\"en_US\" \/>\n<meta property=\"og:type\" content=\"article\" \/>\n<meta property=\"og:title\" content=\"Nossa Hist\u00f3ria - Valorvest\" \/>\n<meta property=\"og:description\" content=\"Para formar a Valorvest de hoje, foram necess\u00e1rias a forte influ\u00eancia de lideran\u00e7a, um grande professor e as incont\u00e1veis contribui\u00e7\u00f5es de pessoas que nos remetem [&hellip;]\" \/>\n<meta property=\"og:url\" content=\"https:\/\/valorvest.com.br\/index.php\/nossa-historia\/\" \/>\n<meta property=\"og:site_name\" content=\"Valorvest\" \/>\n<meta name=\"twitter:card\" content=\"summary_large_image\" \/>\n<meta name=\"twitter:label1\" content=\"Est. reading time\" \/>\n\t<meta name=\"twitter:data1\" content=\"1 minute\" \/>\n<script type=\"application\/ld+json\" class=\"yoast-schema-graph\">{\"@context\":\"https:\/\/schema.org\",\"@graph\":[{\"@type\":\"WebPage\",\"@id\":\"https:\/\/valorvest.com.br\/index.php\/nossa-historia\/\",\"url\":\"https:\/\/valorvest.com.br\/index.php\/nossa-historia\/\",\"name\":\"Nossa Hist\u00f3ria - Valorvest\",\"isPartOf\":{\"@id\":\"https:\/\/valorvest.com.br\/#website\"},\"datePublished\":\"2014-11-17T17:33:17+00:00\",\"dateModified\":\"2014-11-17T17:33:17+00:00\",\"breadcrumb\":{\"@id\":\"https:\/\/valorvest.com.br\/index.php\/nossa-historia\/#breadcrumb\"},\"inLanguage\":\"en-US\",\"potentialAction\":[{\"@type\":\"ReadAction\",\"target\":[\"https:\/\/valorvest.com.br\/index.php\/nossa-historia\/\"]}]},{\"@type\":\"BreadcrumbList\",\"@id\":\"https:\/\/valorvest.com.br\/index.php\/nossa-historia\/#breadcrumb\",\"itemListElement\":[{\"@type\":\"ListItem\",\"position\":1,\"name\":\"Home\",\"item\":\"https:\/\/valorvest.com.br\/\"},{\"@type\":\"ListItem\",\"position\":2,\"name\":\"Nossa Hist\u00f3ria\"}]},{\"@type\":\"WebSite\",\"@id\":\"https:\/\/valorvest.com.br\/#website\",\"url\":\"https:\/\/valorvest.com.br\/\",\"name\":\"Valorvest\",\"description\":\"Brasil e Portugal\",\"potentialAction\":[{\"@type\":\"SearchAction\",\"target\":{\"@type\":\"EntryPoint\",\"urlTemplate\":\"https:\/\/valorvest.com.br\/?s={search_term_string}\"},\"query-input\":\"required name=search_term_string\"}],\"inLanguage\":\"en-US\"}]}<\/script>\n<!-- \/ Yoast SEO plugin. -->","yoast_head_json":{"title":"Nossa Hist\u00f3ria - Valorvest","robots":{"index":"index","follow":"follow","max-snippet":"max-snippet:-1","max-image-preview":"max-image-preview:large","max-video-preview":"max-video-preview:-1"},"canonical":"https:\/\/valorvest.com.br\/index.php\/nossa-historia\/","og_locale":"en_US","og_type":"article","og_title":"Nossa Hist\u00f3ria - Valorvest","og_description":"Para formar a Valorvest de hoje, foram necess\u00e1rias a forte influ\u00eancia de lideran\u00e7a, um grande professor e as incont\u00e1veis contribui\u00e7\u00f5es de pessoas que nos remetem [&hellip;]","og_url":"https:\/\/valorvest.com.br\/index.php\/nossa-historia\/","og_site_name":"Valorvest","twitter_card":"summary_large_image","twitter_misc":{"Est. reading time":"1 minute"},"schema":{"@context":"https:\/\/schema.org","@graph":[{"@type":"WebPage","@id":"https:\/\/valorvest.com.br\/index.php\/nossa-historia\/","url":"https:\/\/valorvest.com.br\/index.php\/nossa-historia\/","name":"Nossa Hist\u00f3ria - Valorvest","isPartOf":{"@id":"https:\/\/valorvest.com.br\/#website"},"datePublished":"2014-11-17T17:33:17+00:00","dateModified":"2014-11-17T17:33:17+00:00","breadcrumb":{"@id":"https:\/\/valorvest.com.br\/index.php\/nossa-historia\/#breadcrumb"},"inLanguage":"en-US","potentialAction":[{"@type":"ReadAction","target":["https:\/\/valorvest.com.br\/index.php\/nossa-historia\/"]}]},{"@type":"BreadcrumbList","@id":"https:\/\/valorvest.com.br\/index.php\/nossa-historia\/#breadcrumb","itemListElement":[{"@type":"ListItem","position":1,"name":"Home","item":"https:\/\/valorvest.com.br\/"},{"@type":"ListItem","position":2,"name":"Nossa Hist\u00f3ria"}]},{"@type":"WebSite","@id":"https:\/\/valorvest.com.br\/#website","url":"https:\/\/valorvest.com.br\/","name":"Valorvest","description":"Brasil e Portugal","potentialAction":[{"@type":"SearchAction","target":{"@type":"EntryPoint","urlTemplate":"https:\/\/valorvest.com.br\/?s={search_term_string}"},"query-input":"required name=search_term_string"}],"inLanguage":"en-US"}]}},"_links":{"self":[{"href":"https:\/\/valorvest.com.br\/index.php\/wp-json\/wp\/v2\/pages\/97","targetHints":{"allow":["GET"]}}],"collection":[{"href":"https:\/\/valorvest.com.br\/index.php\/wp-json\/wp\/v2\/pages"}],"about":[{"href":"https:\/\/valorvest.com.br\/index.php\/wp-json\/wp\/v2\/types\/page"}],"author":[{"embeddable":true,"href":"https:\/\/valorvest.com.br\/index.php\/wp-json\/wp\/v2\/users\/1"}],"replies":[{"embeddable":true,"href":"https:\/\/valorvest.com.br\/index.php\/wp-json\/wp\/v2\/comments?post=97"}],"version-history":[{"count":0,"href":"https:\/\/valorvest.com.br\/index.php\/wp-json\/wp\/v2\/pages\/97\/revisions"}],"wp:attachment":[{"href":"https:\/\/valorvest.com.br\/index.php\/wp-json\/wp\/v2\/media?parent=97"}],"curies":[{"name":"wp","href":"https:\/\/api.w.org\/{rel}","templated":true}]}}